{"id":365,"date":"2025-03-06T05:23:09","date_gmt":"2025-03-06T05:23:09","guid":{"rendered":"https:\/\/caroayala.com\/wpcaro\/?page_id=365"},"modified":"2025-07-21T05:30:27","modified_gmt":"2025-07-21T05:30:27","slug":"obra","status":"publish","type":"page","link":"https:\/\/caroayala.com\/wpcaro\/es\/obra\/","title":{"rendered":"Obra"},"content":{"rendered":"\n<h3 class=\"wp-block-heading has-text-align-center\"><strong>Paisajes mentales \u00b7 Personajes \u00b7 Otras realidades \u00b7 Comisiones<\/strong><\/h3>\n\n\n\n<h3 class=\"wp-block-heading\">Paisajes Mentales<\/h3>\n\n\n\n<div class=\"wp-block-columns is-layout-flex wp-container-core-columns-is-layout-9d6595d7 wp-block-columns-is-layout-flex\">\n<div class=\"wp-block-column is-layout-flow wp-block-column-is-layout-flow\" style=\"flex-basis:66.66%\">\n<figure class=\"wp-block-image is-resized\"><img decoding=\"async\" src=\"https:\/\/lh7-rt.googleusercontent.com\/docsz\/AD_4nXe_kc3cz4xAQ19qNx4bJue53jkyHq2cPeXeDC4oBPYPUg2nqA-VgFvtUWzNPLM4PMCdek0iO5s4t8JvyOiTDaGNiWouNg2hNL3z9VkGjCScjh2lOPiUfzjHwwFnfmYZcjSlQgnuUw?key=jTcpQwxP5ictZgosBqXv3d5a\" alt=\"\" style=\"width:483px\"\/><\/figure>\n<\/div>\n\n\n\n<div class=\"wp-block-column is-layout-flow wp-block-column-is-layout-flow\" style=\"flex-basis:33.33%\">\n<p><\/p>\n\n\n\n<p>Diferentes formas de ver<br><em>Paisaje Pineal, 2023<\/em><br>Acr\u00edlio sobre lienzo<br>80 x 70 cm.<\/p>\n<\/div>\n<\/div>\n\n\n\n<div class=\"wp-block-columns is-layout-flex wp-container-core-columns-is-layout-9d6595d7 wp-block-columns-is-layout-flex\">\n<div class=\"wp-block-column is-layout-flow wp-block-column-is-layout-flow\" style=\"flex-basis:66.66%\">\n<figure class=\"wp-block-image\"><img loading=\"lazy\" decoding=\"async\" width=\"1231\" height=\"1081\" src=\"https:\/\/caroayala.com\/wpcaro\/wp-content\/uploads\/2024\/07\/Ya-veremos-Acrilico.jpg\" alt=\"\" class=\"wp-image-234\" style=\"object-fit:cover\" srcset=\"https:\/\/caroayala.com\/wpcaro\/wp-content\/uploads\/2024\/07\/Ya-veremos-Acrilico.jpg 1231w, https:\/\/caroayala.com\/wpcaro\/wp-content\/uploads\/2024\/07\/Ya-veremos-Acrilico-300x263.jpg 300w, https:\/\/caroayala.com\/wpcaro\/wp-content\/uploads\/2024\/07\/Ya-veremos-Acrilico-1024x899.jpg 1024w, https:\/\/caroayala.com\/wpcaro\/wp-content\/uploads\/2024\/07\/Ya-veremos-Acrilico-768x674.jpg 768w\" sizes=\"auto, (max-width: 1231px) 100vw, 1231px\" \/><\/figure>\n<\/div>\n\n\n\n<div class=\"wp-block-column is-layout-flow wp-block-column-is-layout-flow\" style=\"flex-basis:33.33%\">\n<p><\/p>\n\n\n\n<p>Diferentes formas de ver <br><em>Ya veremos<\/em>, 2023<br>Acr\u00edlico sobre lienzo<br>70 x 80 cm.<\/p>\n<\/div>\n<\/div>\n\n\n\n<div class=\"wp-block-columns is-layout-flex wp-container-core-columns-is-layout-9d6595d7 wp-block-columns-is-layout-flex\">\n<div class=\"wp-block-column is-layout-flow wp-block-column-is-layout-flow\" style=\"flex-basis:66.66%\">\n<figure class=\"wp-block-image size-large is-resized\"><img loading=\"lazy\" decoding=\"async\" width=\"825\" height=\"1024\" src=\"https:\/\/caroayala.com\/wpcaro\/wp-content\/uploads\/2024\/07\/Ahi-nos-vemos-Acrilico-825x1024.jpg\" alt=\"\" class=\"wp-image-235\" style=\"width:483px\" srcset=\"https:\/\/caroayala.com\/wpcaro\/wp-content\/uploads\/2024\/07\/Ahi-nos-vemos-Acrilico-825x1024.jpg 825w, https:\/\/caroayala.com\/wpcaro\/wp-content\/uploads\/2024\/07\/Ahi-nos-vemos-Acrilico-242x300.jpg 242w, https:\/\/caroayala.com\/wpcaro\/wp-content\/uploads\/2024\/07\/Ahi-nos-vemos-Acrilico-768x953.jpg 768w, https:\/\/caroayala.com\/wpcaro\/wp-content\/uploads\/2024\/07\/Ahi-nos-vemos-Acrilico.jpg 870w\" sizes=\"auto, (max-width: 825px) 100vw, 825px\" \/><\/figure>\n<\/div>\n\n\n\n<div class=\"wp-block-column is-layout-flow wp-block-column-is-layout-flow\" style=\"flex-basis:33.33%\">\n<p><\/p>\n\n\n\n<p>Diferentes formas de ver<br><em>Ah\u00ed nos vemos, 2023<\/em><br>Acr\u00edlico sobre lienzo<br>100 x 80 cm.<\/p>\n<\/div>\n<\/div>\n\n\n\n<div class=\"wp-block-columns is-layout-flex wp-container-core-columns-is-layout-9d6595d7 wp-block-columns-is-layout-flex\">\n<div class=\"wp-block-column is-layout-flow wp-block-column-is-layout-flow\" style=\"flex-basis:66.66%\">\n<figure class=\"wp-block-image\"><img decoding=\"async\" src=\"https:\/\/lh7-rt.googleusercontent.com\/docsz\/AD_4nXc-JbtUyzMeAkSa4nMCGIsqFilcoo7LrSAk96y_nod1JUOZTinmJpZjwleBc-pqMECvDwrcV8ac9RwSOLhpj-TK5GqzRDV8KIqSDiDhMXKt10DYzOjk1SDT7nPCrBwz9P_8AWQOhg?key=jTcpQwxP5ictZgosBqXv3d5a\" alt=\"\"\/><\/figure>\n<\/div>\n\n\n\n<div class=\"wp-block-column is-layout-flow wp-block-column-is-layout-flow\" style=\"flex-basis:33.33%\">\n<p><\/p>\n\n\n\n<p>Diferentes formas de ver<br><em>Silencio, 2023<\/em><br>Acr\u00edlico sobre lienzo<br>100 x 100 cm.<\/p>\n<\/div>\n<\/div>\n\n\n\n<div class=\"wp-block-columns is-layout-flex wp-container-core-columns-is-layout-9d6595d7 wp-block-columns-is-layout-flex\">\n<div class=\"wp-block-column is-layout-flow wp-block-column-is-layout-flow\" style=\"flex-basis:66.66%\">\n<figure class=\"wp-block-image\"><img decoding=\"async\" src=\"https:\/\/lh7-rt.googleusercontent.com\/docsz\/AD_4nXfGJx1AWrJjng8fZNcdjEuEL4UrwOwub57lHCCKwxwYxzTfa-DvFFbOBhw1iaTBExfPdB-hQMqhCCASJNmhv2GuTMFpumBcKGCp2DjmWCrsJwbPe88-HSWOcTdbkFO0Aca8F14z?key=jTcpQwxP5ictZgosBqXv3d5a\" alt=\"\"\/><\/figure>\n<\/div>\n\n\n\n<div class=\"wp-block-column is-layout-flow wp-block-column-is-layout-flow\" style=\"flex-basis:33.33%\">\n<p><\/p>\n\n\n\n<p><em>Gemas estelares, 202<\/em>4<br>Acr\u00edlico sobre lienzo<br>100 x 120 cm.<\/p>\n<\/div>\n<\/div>\n\n\n\n<h3 class=\"wp-block-heading\">Personajes<\/h3>\n\n\n\n<div class=\"wp-block-columns is-layout-flex wp-container-core-columns-is-layout-9d6595d7 wp-block-columns-is-layout-flex\">\n<div class=\"wp-block-column is-layout-flow wp-block-column-is-layout-flow\" style=\"flex-basis:66.66%\">\n<figure class=\"wp-block-image is-resized\"><img loading=\"lazy\" decoding=\"async\" width=\"873\" height=\"1080\" src=\"https:\/\/caroayala.com\/wpcaro\/wp-content\/uploads\/2021\/07\/7Gato-marinero-con-insomnio-1080x873px.jpg\" alt=\"Gato marinero con insomnio\" class=\"wp-image-114\" style=\"width:483px\" srcset=\"https:\/\/caroayala.com\/wpcaro\/wp-content\/uploads\/2021\/07\/7Gato-marinero-con-insomnio-1080x873px.jpg 873w, https:\/\/caroayala.com\/wpcaro\/wp-content\/uploads\/2021\/07\/7Gato-marinero-con-insomnio-1080x873px-243x300.jpg 243w, https:\/\/caroayala.com\/wpcaro\/wp-content\/uploads\/2021\/07\/7Gato-marinero-con-insomnio-1080x873px-828x1024.jpg 828w, https:\/\/caroayala.com\/wpcaro\/wp-content\/uploads\/2021\/07\/7Gato-marinero-con-insomnio-1080x873px-768x950.jpg 768w\" sizes=\"auto, (max-width: 873px) 100vw, 873px\" \/><\/figure>\n<\/div>\n\n\n\n<div class=\"wp-block-column is-layout-flow wp-block-column-is-layout-flow\" style=\"flex-basis:33.33%\">\n<p><\/p>\n\n\n\n<p><em>Gato marinero con insomnio<\/em>, 2017&nbsp;<br>Acuarela sobre papel <br>29,7 x 21 cm.<\/p>\n<\/div>\n<\/div>\n\n\n\n<div class=\"wp-block-columns is-layout-flex wp-container-core-columns-is-layout-9d6595d7 wp-block-columns-is-layout-flex\">\n<div class=\"wp-block-column is-layout-flow wp-block-column-is-layout-flow\" style=\"flex-basis:66.66%\">\n<figure class=\"wp-block-image is-resized\"><img loading=\"lazy\" decoding=\"async\" width=\"864\" height=\"1080\" src=\"https:\/\/caroayala.com\/wpcaro\/wp-content\/uploads\/2021\/07\/14La-gama-amarilla-de-Dexter-1080x864-1.jpg\" alt=\"La gama amarilla de Dexter\" class=\"wp-image-107\" style=\"width:483px\" srcset=\"https:\/\/caroayala.com\/wpcaro\/wp-content\/uploads\/2021\/07\/14La-gama-amarilla-de-Dexter-1080x864-1.jpg 864w, https:\/\/caroayala.com\/wpcaro\/wp-content\/uploads\/2021\/07\/14La-gama-amarilla-de-Dexter-1080x864-1-240x300.jpg 240w, https:\/\/caroayala.com\/wpcaro\/wp-content\/uploads\/2021\/07\/14La-gama-amarilla-de-Dexter-1080x864-1-819x1024.jpg 819w, https:\/\/caroayala.com\/wpcaro\/wp-content\/uploads\/2021\/07\/14La-gama-amarilla-de-Dexter-1080x864-1-768x960.jpg 768w\" sizes=\"auto, (max-width: 864px) 100vw, 864px\" \/><\/figure>\n<\/div>\n\n\n\n<div class=\"wp-block-column is-layout-flow wp-block-column-is-layout-flow\" style=\"flex-basis:33.33%\">\n<p><\/p>\n\n\n\n<p><em>La gama amarilla de Dexter<\/em>, 2022<br>Acr\u00edlico sobre lienzo<br>51 x 41 cm.<\/p>\n<\/div>\n<\/div>\n\n\n\n<div class=\"wp-block-columns is-layout-flex wp-container-core-columns-is-layout-9d6595d7 wp-block-columns-is-layout-flex\">\n<div class=\"wp-block-column is-layout-flow wp-block-column-is-layout-flow\" style=\"flex-basis:66.66%\">\n<figure class=\"wp-block-image\"><img loading=\"lazy\" decoding=\"async\" width=\"1070\" height=\"1081\" src=\"https:\/\/caroayala.com\/wpcaro\/wp-content\/uploads\/2023\/07\/19El-007-Acrilico-min.jpg\" alt=\"El 007- Acr\u00edlico\" class=\"wp-image-198\" style=\"object-fit:cover\" srcset=\"https:\/\/caroayala.com\/wpcaro\/wp-content\/uploads\/2023\/07\/19El-007-Acrilico-min.jpg 1070w, https:\/\/caroayala.com\/wpcaro\/wp-content\/uploads\/2023\/07\/19El-007-Acrilico-min-297x300.jpg 297w, https:\/\/caroayala.com\/wpcaro\/wp-content\/uploads\/2023\/07\/19El-007-Acrilico-min-1014x1024.jpg 1014w, https:\/\/caroayala.com\/wpcaro\/wp-content\/uploads\/2023\/07\/19El-007-Acrilico-min-768x776.jpg 768w\" sizes=\"auto, (max-width: 1070px) 100vw, 1070px\" \/><\/figure>\n<\/div>\n\n\n\n<div class=\"wp-block-column is-layout-flow wp-block-column-is-layout-flow\" style=\"flex-basis:33.33%\">\n<p><\/p>\n\n\n\n<p><em>El 007<\/em>, 2023&nbsp;<br>Acr\u00edlico sobre lienzo<br>50 x 50 cm.<\/p>\n<\/div>\n<\/div>\n\n\n\n<div class=\"wp-block-columns is-layout-flex wp-container-core-columns-is-layout-9d6595d7 wp-block-columns-is-layout-flex\">\n<div class=\"wp-block-column is-layout-flow wp-block-column-is-layout-flow\" style=\"flex-basis:66.66%\">\n<figure class=\"wp-block-image\"><img loading=\"lazy\" decoding=\"async\" width=\"1301\" height=\"1081\" src=\"https:\/\/caroayala.com\/wpcaro\/wp-content\/uploads\/2023\/07\/21Es-mio-Acrilico-min.jpg\" alt=\"Es m\u00edo- Acr\u00edlico\" class=\"wp-image-200\" style=\"object-fit:cover\" srcset=\"https:\/\/caroayala.com\/wpcaro\/wp-content\/uploads\/2023\/07\/21Es-mio-Acrilico-min.jpg 1301w, https:\/\/caroayala.com\/wpcaro\/wp-content\/uploads\/2023\/07\/21Es-mio-Acrilico-min-300x249.jpg 300w, https:\/\/caroayala.com\/wpcaro\/wp-content\/uploads\/2023\/07\/21Es-mio-Acrilico-min-1024x851.jpg 1024w, https:\/\/caroayala.com\/wpcaro\/wp-content\/uploads\/2023\/07\/21Es-mio-Acrilico-min-768x638.jpg 768w\" sizes=\"auto, (max-width: 1301px) 100vw, 1301px\" \/><\/figure>\n<\/div>\n\n\n\n<div class=\"wp-block-column is-layout-flow wp-block-column-is-layout-flow\" style=\"flex-basis:33.33%\">\n<p><\/p>\n\n\n\n<p><em>Todo m\u00edo,<\/em> 2023<br>Acr\u00edlico sobre lienzo<br>50 x 60 cm. <\/p>\n<\/div>\n<\/div>\n\n\n\n<div class=\"wp-block-columns is-layout-flex wp-container-core-columns-is-layout-9d6595d7 wp-block-columns-is-layout-flex\">\n<div class=\"wp-block-column is-layout-flow wp-block-column-is-layout-flow\" style=\"flex-basis:66.66%\"><style>.kb-image365_6e1256-58 .kb-image-has-overlay:after{opacity:0.3;}<\/style>\n<figure class=\"wp-block-kadence-image kb-image365_6e1256-58\"><img loading=\"lazy\" decoding=\"async\" width=\"1080\" height=\"1068\" src=\"https:\/\/caroayala.com\/wpcaro\/wp-content\/uploads\/2025\/07\/Romance-Imposible.jpg\" alt=\"Romance Imposible\" class=\"kb-img wp-image-687\" srcset=\"https:\/\/caroayala.com\/wpcaro\/wp-content\/uploads\/2025\/07\/Romance-Imposible.jpg 1080w, https:\/\/caroayala.com\/wpcaro\/wp-content\/uploads\/2025\/07\/Romance-Imposible-300x297.jpg 300w, https:\/\/caroayala.com\/wpcaro\/wp-content\/uploads\/2025\/07\/Romance-Imposible-1024x1013.jpg 1024w, https:\/\/caroayala.com\/wpcaro\/wp-content\/uploads\/2025\/07\/Romance-Imposible-768x759.jpg 768w\" sizes=\"auto, (max-width: 1080px) 100vw, 1080px\" \/><\/figure>\n<\/div>\n\n\n\n<div class=\"wp-block-column is-layout-flow wp-block-column-is-layout-flow\" style=\"flex-basis:33.33%\">\n<p><\/p>\n\n\n\n<p><em>Romance imposible,<\/em> 2025<br>Acr\u00edlico sobre lienzo<br>50 x 50 cm.<\/p>\n<\/div>\n<\/div>\n\n\n\n<h3 class=\"wp-block-heading\">Otras Realidades<\/h3>\n\n\n\n<div class=\"wp-block-columns is-layout-flex wp-container-core-columns-is-layout-9d6595d7 wp-block-columns-is-layout-flex\">\n<div class=\"wp-block-column is-layout-flow wp-block-column-is-layout-flow\" style=\"flex-basis:66.66%\">\n<figure class=\"wp-block-image\"><img loading=\"lazy\" decoding=\"async\" width=\"1478\" height=\"1080\" src=\"https:\/\/caroayala.com\/wpcaro\/wp-content\/uploads\/2021\/07\/12The-moon-the-stars-and-the-cigarettes2-1080x1478px.jpg\" alt=\"\" class=\"wp-image-105\" style=\"object-fit:cover\" srcset=\"https:\/\/caroayala.com\/wpcaro\/wp-content\/uploads\/2021\/07\/12The-moon-the-stars-and-the-cigarettes2-1080x1478px.jpg 1478w, https:\/\/caroayala.com\/wpcaro\/wp-content\/uploads\/2021\/07\/12The-moon-the-stars-and-the-cigarettes2-1080x1478px-300x219.jpg 300w, https:\/\/caroayala.com\/wpcaro\/wp-content\/uploads\/2021\/07\/12The-moon-the-stars-and-the-cigarettes2-1080x1478px-1024x748.jpg 1024w, https:\/\/caroayala.com\/wpcaro\/wp-content\/uploads\/2021\/07\/12The-moon-the-stars-and-the-cigarettes2-1080x1478px-768x561.jpg 768w\" sizes=\"auto, (max-width: 1478px) 100vw, 1478px\" \/><\/figure>\n<\/div>\n\n\n\n<div class=\"wp-block-column is-layout-flow wp-block-column-is-layout-flow\" style=\"flex-basis:33.33%\">\n<p><\/p>\n\n\n\n<p><em>The moon, the stars, and the cigarettes&nbsp; 2<\/em>, 2021<br>Acr\u00edlico y arena sobre lienzo<br>60 x 80 cm.<\/p>\n<\/div>\n<\/div>\n\n\n\n<div class=\"wp-block-columns is-layout-flex wp-container-core-columns-is-layout-9d6595d7 wp-block-columns-is-layout-flex\">\n<div class=\"wp-block-column is-layout-flow wp-block-column-is-layout-flow\" style=\"flex-basis:66.66%\">\n<figure class=\"wp-block-image is-resized\"><img loading=\"lazy\" decoding=\"async\" width=\"1014\" height=\"1350\" src=\"https:\/\/caroayala.com\/wpcaro\/wp-content\/uploads\/2022\/07\/El-segundo-cielo-2022.jpg\" alt=\"\" class=\"wp-image-162\" style=\"width:483px\" srcset=\"https:\/\/caroayala.com\/wpcaro\/wp-content\/uploads\/2022\/07\/El-segundo-cielo-2022.jpg 1014w, https:\/\/caroayala.com\/wpcaro\/wp-content\/uploads\/2022\/07\/El-segundo-cielo-2022-225x300.jpg 225w, https:\/\/caroayala.com\/wpcaro\/wp-content\/uploads\/2022\/07\/El-segundo-cielo-2022-769x1024.jpg 769w, https:\/\/caroayala.com\/wpcaro\/wp-content\/uploads\/2022\/07\/El-segundo-cielo-2022-768x1022.jpg 768w\" sizes=\"auto, (max-width: 1014px) 100vw, 1014px\" \/><\/figure>\n<\/div>\n\n\n\n<div class=\"wp-block-column is-layout-flow wp-block-column-is-layout-flow\" style=\"flex-basis:33.33%\">\n<p><\/p>\n\n\n\n<p><em>El segundo cielo<\/em>, 2022<br>Acr\u00edlico sobre lienzo<br>122 x 92 cm.<\/p>\n<\/div>\n<\/div>\n\n\n\n<div class=\"wp-block-columns is-layout-flex wp-container-core-columns-is-layout-9d6595d7 wp-block-columns-is-layout-flex\">\n<div class=\"wp-block-column is-layout-flow wp-block-column-is-layout-flow\" style=\"flex-basis:66.66%\">\n<figure class=\"wp-block-image is-resized\"><img loading=\"lazy\" decoding=\"async\" width=\"859\" height=\"1080\" src=\"https:\/\/caroayala.com\/wpcaro\/wp-content\/uploads\/2023\/07\/20Encuentro-con-la-luz-Acrilico-min.jpg\" alt=\"Encuentro con la luz- Acr\u00edlico\" class=\"wp-image-199\" style=\"width:483px\" srcset=\"https:\/\/caroayala.com\/wpcaro\/wp-content\/uploads\/2023\/07\/20Encuentro-con-la-luz-Acrilico-min.jpg 859w, https:\/\/caroayala.com\/wpcaro\/wp-content\/uploads\/2023\/07\/20Encuentro-con-la-luz-Acrilico-min-239x300.jpg 239w, https:\/\/caroayala.com\/wpcaro\/wp-content\/uploads\/2023\/07\/20Encuentro-con-la-luz-Acrilico-min-814x1024.jpg 814w, https:\/\/caroayala.com\/wpcaro\/wp-content\/uploads\/2023\/07\/20Encuentro-con-la-luz-Acrilico-min-768x966.jpg 768w\" sizes=\"auto, (max-width: 859px) 100vw, 859px\" \/><\/figure>\n<\/div>\n\n\n\n<div class=\"wp-block-column is-layout-flow wp-block-column-is-layout-flow\" style=\"flex-basis:33.33%\">\n<p><\/p>\n\n\n\n<p><em>Encuentro con la luz<\/em>, 2022<br>Acr\u00edlico sobre lienzo<br>100 x 80 cm.<\/p>\n<\/div>\n<\/div>\n\n\n\n<div class=\"wp-block-columns is-layout-flex wp-container-core-columns-is-layout-9d6595d7 wp-block-columns-is-layout-flex\">\n<div class=\"wp-block-column is-layout-flow wp-block-column-is-layout-flow\" style=\"flex-basis:66.66%\">\n<figure class=\"wp-block-image\"><img loading=\"lazy\" decoding=\"async\" width=\"1446\" height=\"1081\" src=\"https:\/\/caroayala.com\/wpcaro\/wp-content\/uploads\/2023\/07\/24La-casa-del-alquimista-Acrilico-min.jpg\" alt=\"La casa del alquimista- Acr\u00edlico\" class=\"wp-image-192\" style=\"object-fit:cover\" srcset=\"https:\/\/caroayala.com\/wpcaro\/wp-content\/uploads\/2023\/07\/24La-casa-del-alquimista-Acrilico-min.jpg 1446w, https:\/\/caroayala.com\/wpcaro\/wp-content\/uploads\/2023\/07\/24La-casa-del-alquimista-Acrilico-min-300x224.jpg 300w, https:\/\/caroayala.com\/wpcaro\/wp-content\/uploads\/2023\/07\/24La-casa-del-alquimista-Acrilico-min-1024x766.jpg 1024w, https:\/\/caroayala.com\/wpcaro\/wp-content\/uploads\/2023\/07\/24La-casa-del-alquimista-Acrilico-min-768x574.jpg 768w\" sizes=\"auto, (max-width: 1446px) 100vw, 1446px\" \/><\/figure>\n<\/div>\n\n\n\n<div class=\"wp-block-column is-layout-flow wp-block-column-is-layout-flow\" style=\"flex-basis:33.33%\">\n<p><\/p>\n\n\n\n<p><em>La casa del alquimista<\/em>, 2022<br>Acr\u00edlico sobre lienzo<br>122 x 92 cm<\/p>\n<\/div>\n<\/div>\n\n\n\n<div class=\"wp-block-columns is-layout-flex wp-container-core-columns-is-layout-9d6595d7 wp-block-columns-is-layout-flex\">\n<div class=\"wp-block-column is-layout-flow wp-block-column-is-layout-flow\" style=\"flex-basis:66.66%\">\n<figure class=\"wp-block-image\"><img loading=\"lazy\" decoding=\"async\" width=\"1320\" height=\"1082\" src=\"https:\/\/caroayala.com\/wpcaro\/wp-content\/uploads\/2023\/07\/18Concierto-a-una-nube-Acrilico-min.jpg\" alt=\"Concierto a una nube- Acr\u00edlico\" class=\"wp-image-197\" style=\"object-fit:cover\" srcset=\"https:\/\/caroayala.com\/wpcaro\/wp-content\/uploads\/2023\/07\/18Concierto-a-una-nube-Acrilico-min.jpg 1320w, https:\/\/caroayala.com\/wpcaro\/wp-content\/uploads\/2023\/07\/18Concierto-a-una-nube-Acrilico-min-300x246.jpg 300w, https:\/\/caroayala.com\/wpcaro\/wp-content\/uploads\/2023\/07\/18Concierto-a-una-nube-Acrilico-min-1024x839.jpg 1024w, https:\/\/caroayala.com\/wpcaro\/wp-content\/uploads\/2023\/07\/18Concierto-a-una-nube-Acrilico-min-768x630.jpg 768w\" sizes=\"auto, (max-width: 1320px) 100vw, 1320px\" \/><\/figure>\n<\/div>\n\n\n\n<div class=\"wp-block-column is-layout-flow wp-block-column-is-layout-flow\" style=\"flex-basis:33.33%\">\n<p><\/p>\n\n\n\n<p><em>Concierto para una nube<\/em>, 2023<br>Acr\u00edlico sobre lienzo<br>80 x 100 cm.<\/p>\n<\/div>\n<\/div>\n\n\n\n<h3 class=\"wp-block-heading\">Comisiones<\/h3>\n\n\n\n<div class=\"wp-block-columns is-layout-flex wp-container-core-columns-is-layout-9d6595d7 wp-block-columns-is-layout-flex\">\n<div class=\"wp-block-column is-layout-flow wp-block-column-is-layout-flow\" style=\"flex-basis:66.66%\">\n<figure class=\"wp-block-image\"><img loading=\"lazy\" decoding=\"async\" width=\"1080\" height=\"809\" src=\"https:\/\/caroayala.com\/wpcaro\/wp-content\/uploads\/2025\/03\/Bodegon-mexicano.jpg\" alt=\"Bodegon mexicano\" class=\"wp-image-501\" srcset=\"https:\/\/caroayala.com\/wpcaro\/wp-content\/uploads\/2025\/03\/Bodegon-mexicano.jpg 1080w, https:\/\/caroayala.com\/wpcaro\/wp-content\/uploads\/2025\/03\/Bodegon-mexicano-300x225.jpg 300w, https:\/\/caroayala.com\/wpcaro\/wp-content\/uploads\/2025\/03\/Bodegon-mexicano-1024x767.jpg 1024w, https:\/\/caroayala.com\/wpcaro\/wp-content\/uploads\/2025\/03\/Bodegon-mexicano-768x575.jpg 768w\" sizes=\"auto, (max-width: 1080px) 100vw, 1080px\" \/><\/figure>\n<\/div>\n\n\n\n<div class=\"wp-block-column is-layout-flow wp-block-column-is-layout-flow\" style=\"flex-basis:33.33%\">\n<p><\/p>\n\n\n\n<p><em>Bodeg\u00f3n mexicano, <\/em>2021 <br>Acr\u00edlico sobre lienzo<br>30 x 40 cm.<\/p>\n<\/div>\n<\/div>\n\n\n\n<div class=\"wp-block-columns is-layout-flex wp-container-core-columns-is-layout-9d6595d7 wp-block-columns-is-layout-flex\">\n<div class=\"wp-block-column is-layout-flow wp-block-column-is-layout-flow\" style=\"flex-basis:66.66%\">\n<figure class=\"wp-block-image\"><img loading=\"lazy\" decoding=\"async\" width=\"1600\" height=\"979\" src=\"https:\/\/caroayala.com\/wpcaro\/wp-content\/uploads\/2025\/03\/Interpretacion-Caminando-sobre-las-aguas.jpg\" alt=\"Interpretaci\u00f3n Caminando sobre las aguas\" class=\"wp-image-528\" srcset=\"https:\/\/caroayala.com\/wpcaro\/wp-content\/uploads\/2025\/03\/Interpretacion-Caminando-sobre-las-aguas.jpg 1600w, https:\/\/caroayala.com\/wpcaro\/wp-content\/uploads\/2025\/03\/Interpretacion-Caminando-sobre-las-aguas-300x184.jpg 300w, https:\/\/caroayala.com\/wpcaro\/wp-content\/uploads\/2025\/03\/Interpretacion-Caminando-sobre-las-aguas-1024x627.jpg 1024w, https:\/\/caroayala.com\/wpcaro\/wp-content\/uploads\/2025\/03\/Interpretacion-Caminando-sobre-las-aguas-768x470.jpg 768w, https:\/\/caroayala.com\/wpcaro\/wp-content\/uploads\/2025\/03\/Interpretacion-Caminando-sobre-las-aguas-1536x940.jpg 1536w\" sizes=\"auto, (max-width: 1600px) 100vw, 1600px\" \/><\/figure>\n<\/div>\n\n\n\n<div class=\"wp-block-column is-layout-flow wp-block-column-is-layout-flow\" style=\"flex-basis:33.33%\">\n<p><\/p>\n\n\n\n<p><em>Interpretaci\u00f3n Caminando sobre las aguas, <\/em>2021<br>Acr\u00edlico sobre lienzo<br>100 x 160 cm.<\/p>\n<\/div>\n<\/div>\n\n\n\n<div class=\"wp-block-columns is-layout-flex wp-container-core-columns-is-layout-9d6595d7 wp-block-columns-is-layout-flex\">\n<div class=\"wp-block-column is-layout-flow wp-block-column-is-layout-flow\" style=\"flex-basis:66.66%\"><\/div>\n\n\n\n<div class=\"wp-block-column is-layout-flow wp-block-column-is-layout-flow\" style=\"flex-basis:33.33%\"><\/div>\n<\/div>\n\n\n\n<div class=\"wp-block-columns is-layout-flex wp-container-core-columns-is-layout-9d6595d7 wp-block-columns-is-layout-flex\">\n<div class=\"wp-block-column is-layout-flow wp-block-column-is-layout-flow\" style=\"flex-basis:66.66%\">\n<figure class=\"wp-block-image\"><img loading=\"lazy\" decoding=\"async\" width=\"1080\" height=\"813\" src=\"https:\/\/caroayala.com\/wpcaro\/wp-content\/uploads\/2025\/03\/Mar-en-Calma.jpg\" alt=\"Mar en Calma\" class=\"wp-image-529\" srcset=\"https:\/\/caroayala.com\/wpcaro\/wp-content\/uploads\/2025\/03\/Mar-en-Calma.jpg 1080w, https:\/\/caroayala.com\/wpcaro\/wp-content\/uploads\/2025\/03\/Mar-en-Calma-300x226.jpg 300w, https:\/\/caroayala.com\/wpcaro\/wp-content\/uploads\/2025\/03\/Mar-en-Calma-1024x771.jpg 1024w, https:\/\/caroayala.com\/wpcaro\/wp-content\/uploads\/2025\/03\/Mar-en-Calma-768x578.jpg 768w\" sizes=\"auto, (max-width: 1080px) 100vw, 1080px\" \/><\/figure>\n<\/div>\n\n\n\n<div class=\"wp-block-column is-layout-flow wp-block-column-is-layout-flow\" style=\"flex-basis:33.33%\">\n<p><\/p>\n\n\n\n<p><em>Mar en calma, <\/em>2022<br>Acr\u00edlico sobre lienzo<br>92 x 122 cm.<\/p>\n<\/div>\n<\/div>\n\n\n\n<div class=\"wp-block-columns is-layout-flex wp-container-core-columns-is-layout-9d6595d7 wp-block-columns-is-layout-flex\">\n<div class=\"wp-block-column is-layout-flow wp-block-column-is-layout-flow\" style=\"flex-basis:66.66%\">\n<figure class=\"wp-block-image\"><img loading=\"lazy\" decoding=\"async\" width=\"1439\" height=\"1078\" src=\"https:\/\/caroayala.com\/wpcaro\/wp-content\/uploads\/2023\/07\/27Mis-tesoros-Acrilico-min.jpg\" alt=\"Mis tesoros- Acr\u00edlico\" class=\"wp-image-195\" style=\"object-fit:cover\" srcset=\"https:\/\/caroayala.com\/wpcaro\/wp-content\/uploads\/2023\/07\/27Mis-tesoros-Acrilico-min.jpg 1439w, https:\/\/caroayala.com\/wpcaro\/wp-content\/uploads\/2023\/07\/27Mis-tesoros-Acrilico-min-300x225.jpg 300w, https:\/\/caroayala.com\/wpcaro\/wp-content\/uploads\/2023\/07\/27Mis-tesoros-Acrilico-min-1024x767.jpg 1024w, https:\/\/caroayala.com\/wpcaro\/wp-content\/uploads\/2023\/07\/27Mis-tesoros-Acrilico-min-768x575.jpg 768w\" sizes=\"auto, (max-width: 1439px) 100vw, 1439px\" \/><\/figure>\n<\/div>\n\n\n\n<div class=\"wp-block-column is-layout-flow wp-block-column-is-layout-flow\" style=\"flex-basis:33.33%\">\n<p><\/p>\n\n\n\n<p><em>Mis tesoros, 2023<\/em><br>Acr\u00edlico sobre lienzo<br>90 x 120 cm.<\/p>\n<\/div>\n<\/div>\n\n\n\n<p><\/p>\n","protected":false},"excerpt":{"rendered":"<p>Paisajes mentales \u00b7 Personajes \u00b7 Otras realidades \u00b7 Comisiones Paisajes Mentales Diferentes formas de verPaisaje Pineal, 2023Acr\u00edlio sobre lienzo80 x 70 cm. Diferentes formas de ver Ya veremos, 2023Acr\u00edlico sobre lienzo70 x 80 cm. Diferentes formas de verAh\u00ed nos vemos, 2023Acr\u00edlico sobre lienzo100 x 80 cm. Diferentes formas de verSilencio, 2023Acr\u00edlico sobre lienzo100 x 100 &#8230; <a title=\"Obra\" class=\"read-more\" href=\"https:\/\/caroayala.com\/wpcaro\/es\/obra\/\" aria-label=\"Leer m\u00e1s sobre Obra\">Leer m\u00e1s<\/a><\/p>\n","protected":false},"author":1,"featured_media":0,"parent":0,"menu_order":0,"comment_status":"closed","ping_status":"closed","template":"","meta":{"qubely_global_settings":"","qubely_interactions":"","footnotes":""},"class_list":["post-365","page","type-page","status-publish"],"_links":{"self":[{"href":"https:\/\/caroayala.com\/wpcaro\/wp-json\/wp\/v2\/pages\/365","targetHints":{"allow":["GET"]}}],"collection":[{"href":"https:\/\/caroayala.com\/wpcaro\/wp-json\/wp\/v2\/pages"}],"about":[{"href":"https:\/\/caroayala.com\/wpcaro\/wp-json\/wp\/v2\/types\/page"}],"author":[{"embeddable":true,"href":"https:\/\/caroayala.com\/wpcaro\/wp-json\/wp\/v2\/users\/1"}],"replies":[{"embeddable":true,"href":"https:\/\/caroayala.com\/wpcaro\/wp-json\/wp\/v2\/comments?post=365"}],"version-history":[{"count":55,"href":"https:\/\/caroayala.com\/wpcaro\/wp-json\/wp\/v2\/pages\/365\/revisions"}],"predecessor-version":[{"id":688,"href":"https:\/\/caroayala.com\/wpcaro\/wp-json\/wp\/v2\/pages\/365\/revisions\/688"}],"wp:attachment":[{"href":"https:\/\/caroayala.com\/wpcaro\/wp-json\/wp\/v2\/media?parent=365"}],"curies":[{"name":"wp","href":"https:\/\/api.w.org\/{rel}","templated":true}]}}