{"id":301,"date":"2025-03-05T05:38:12","date_gmt":"2025-03-05T05:38:12","guid":{"rendered":"https:\/\/caroayala.com\/wpcaro\/?page_id=301"},"modified":"2025-03-19T02:49:29","modified_gmt":"2025-03-19T02:49:29","slug":"biografia","status":"publish","type":"page","link":"https:\/\/caroayala.com\/wpcaro\/es\/biografia\/","title":{"rendered":"Biograf\u00eda"},"content":{"rendered":"<div class=\"wp-block-image is-style-rounded\">\n<figure class=\"aligncenter is-resized\"><img loading=\"lazy\" decoding=\"async\" width=\"1080\" height=\"1080\" src=\"https:\/\/caroayala.com\/wpcaro\/wp-content\/uploads\/2025\/03\/CarolinaAyalaAguilarMINI.jpg\" alt=\"\" class=\"wp-image-649\" style=\"aspect-ratio:1;object-fit:cover;width:308px\" srcset=\"https:\/\/caroayala.com\/wpcaro\/wp-content\/uploads\/2025\/03\/CarolinaAyalaAguilarMINI.jpg 1080w, https:\/\/caroayala.com\/wpcaro\/wp-content\/uploads\/2025\/03\/CarolinaAyalaAguilarMINI-300x300.jpg 300w, https:\/\/caroayala.com\/wpcaro\/wp-content\/uploads\/2025\/03\/CarolinaAyalaAguilarMINI-1024x1024.jpg 1024w, https:\/\/caroayala.com\/wpcaro\/wp-content\/uploads\/2025\/03\/CarolinaAyalaAguilarMINI-150x150.jpg 150w, https:\/\/caroayala.com\/wpcaro\/wp-content\/uploads\/2025\/03\/CarolinaAyalaAguilarMINI-768x768.jpg 768w\" sizes=\"auto, (max-width: 1080px) 100vw, 1080px\" \/><\/figure>\n<\/div>\n\n\n<p class=\"has-text-align-center\" style=\"font-style:italic;font-weight:600\">Carolina Ayala Aguilar&nbsp;<\/p>\n\n\n\n<p class=\"justify-text has-medium-font-size\">Naci\u00f3 en la Ciudad de M\u00e9xico en 1986. Carolina es una artista y dise\u00f1adora mexicana que vive en Yucat\u00e1n, M\u00e9xico. Estudi\u00f3 la licenciatura en Arquitectura y el m\u00e1ster en Dise\u00f1o e innovaci\u00f3n de productos en el Instituto Tecnol\u00f3gico y de Estudios Superiores de Monterrey, M\u00e9xico. Adem\u00e1s, obtuvo la maestr\u00eda en ciencias en Iluminaci\u00f3n arquitect\u00f3nica por el Royal Institute of Technology de Suecia. Fue ah\u00ed cuando se centr\u00f3 en utilizar la representaci\u00f3n de la luz en acuarela para narrar historias de migraci\u00f3n forzada de Siria a Suecia. Esto la llev\u00f3 a darse cuenta del poder del arte para visibilizar temas esenciales, por lo que, despu\u00e9s de trabajar como arquitecta en Alemania, regres\u00f3 a M\u00e9xico. <\/p>\n\n\n\n<div class=\"wp-block-columns is-layout-flex wp-container-core-columns-is-layout-9d6595d7 wp-block-columns-is-layout-flex\">\n<div class=\"wp-block-column is-layout-flow wp-block-column-is-layout-flow\">\n<p class=\"justify-text\" style=\"font-style:normal;font-weight:300\">La pandemia le ayud\u00f3 a confirmar que expresarse en un lienzo era su prioridad. En 2021 fue finalista del concurso de Arte Camaradas Mex-UK, organizado por la Embajada de M\u00e9xico en Reino Unido y un a\u00f1o despu\u00e9s, particip\u00f3 en la exposici\u00f3n \u201cMigrar, todas las miradas\u201d del Museo de la Ciudad de M\u00e9rida. Tambi\u00e9n en 2022 tuvo lugar su exposici\u00f3n y charla \u201dLa muerte y las otras realidades en el arte\u201d.<\/p>\n<\/div>\n\n\n\n<div class=\"wp-block-column is-layout-flow wp-block-column-is-layout-flow\">\n<p class=\"justify-text\" style=\"font-style:normal;font-weight:300\">Ha formado parte de exposiciones colectivas en la ciudad de M\u00e9rida, tambi\u00e9n en Madrid, con la galer\u00eda Van Gogh Art Gallery, as\u00ed como de la International Contemporary Art Fair M\u00f3naco en 2023. Ha participado en talleres de acuarela con el maestro Agust\u00edn Gonz\u00e1lez y en un taller permanente de pintura acr\u00edlica con el artista mexicano Ariel Guzm\u00e1n. Adem\u00e1s de explorar los paisajes mentales y las emociones, desea seguir expresando la existencia de otros mundos y realidades.<\/p>\n<\/div>\n<\/div>\n\n\n\n<div style=\"height:44px\" aria-hidden=\"true\" class=\"wp-block-spacer\"><\/div>\n\n\n\n<div class=\"wp-block-columns is-layout-flex wp-container-core-columns-is-layout-9d6595d7 wp-block-columns-is-layout-flex\">\n<div class=\"wp-block-column is-layout-flow wp-block-column-is-layout-flow\">\n<h2 class=\"wp-block-heading has-text-align-center\">CV<\/h2>\n\n\n\n<div class=\"wp-block-columns is-layout-flex wp-container-core-columns-is-layout-9d6595d7 wp-block-columns-is-layout-flex\">\n<div class=\"wp-block-column is-layout-flow wp-block-column-is-layout-flow\" style=\"flex-basis:25%\"><\/div>\n\n\n\n<div class=\"wp-block-column has-contrast-2-color has-text-color has-link-color wp-elements-f185b9d33e099b7fb0a9747756b254e9 is-layout-flow wp-block-column-is-layout-flow\" style=\"flex-basis:80%\">\n<hr class=\"wp-block-separator has-text-color has-contrast-2-color has-alpha-channel-opacity has-contrast-2-background-color has-background is-style-wide\"\/>\n<\/div>\n<\/div>\n\n\n\n<p class=\"has-text-align-center\"><strong>Estudios<\/strong><\/p>\n\n\n\n<div class=\"wp-block-columns is-layout-flex wp-container-core-columns-is-layout-9d6595d7 wp-block-columns-is-layout-flex\">\n<div class=\"wp-block-column is-layout-flow wp-block-column-is-layout-flow\" style=\"flex-basis:100px\"><\/div>\n\n\n\n<div class=\"wp-block-column is-layout-flow wp-block-column-is-layout-flow\" style=\"flex-basis:250px\">\n<p class=\"has-text-align-right\">2017 &#8211; 2018<\/p>\n<\/div>\n\n\n\n<div class=\"wp-block-column is-layout-flow wp-block-column-is-layout-flow\">\n<p class=\"has-text-align-left\">M.C. Dise\u00f1o de Iluminaci\u00f3n Arquitect\u00f3nica<br>Kungliga Tekniska H\u00f6gskolan, Suecia.<\/p>\n<\/div>\n<\/div>\n\n\n\n<div class=\"wp-block-columns is-layout-flex wp-container-core-columns-is-layout-9d6595d7 wp-block-columns-is-layout-flex\">\n<div class=\"wp-block-column is-layout-flow wp-block-column-is-layout-flow\" style=\"flex-basis:100px\"><\/div>\n\n\n\n<div class=\"wp-block-column is-layout-flow wp-block-column-is-layout-flow\" style=\"flex-basis:250px\">\n<p class=\"has-text-align-right\">2013 &#8211; 2014<\/p>\n<\/div>\n\n\n\n<div class=\"wp-block-column is-layout-flow wp-block-column-is-layout-flow\">\n<p class=\"has-text-align-left\">Master en Dise\u00f1o Industrial e Innovaci\u00f3n de Producto &#8211; Menci\u00f3n Honor\u00edfica de Excelencia<br>Instituto Tecnol\u00f3gico y de Estudios Superiores de Monterrey, M\u00e9xico.<\/p>\n<\/div>\n<\/div>\n\n\n\n<div class=\"wp-block-columns is-layout-flex wp-container-core-columns-is-layout-9d6595d7 wp-block-columns-is-layout-flex\">\n<div class=\"wp-block-column is-layout-flow wp-block-column-is-layout-flow\" style=\"flex-basis:100px\"><\/div>\n\n\n\n<div class=\"wp-block-column is-layout-flow wp-block-column-is-layout-flow\" style=\"flex-basis:250px\">\n<p class=\"has-text-align-right\">2004 &#8211; 2010<\/p>\n<\/div>\n\n\n\n<div class=\"wp-block-column is-layout-flow wp-block-column-is-layout-flow\">\n<p class=\"has-text-align-left\">Licenciatura en Arquitectura &#8211; Menci\u00f3n Honor\u00edfica<br>Instituto Tecnol\u00f3gico y de Estudios Superiores de Monterrey, M\u00e9xico.<br>\u200bDise\u00f1o de Iluminaci\u00f3n &#8211; Universidad Diego Portales, Chile.<\/p>\n<\/div>\n<\/div>\n\n\n\n<div class=\"wp-block-columns is-layout-flex wp-container-core-columns-is-layout-9d6595d7 wp-block-columns-is-layout-flex\">\n<div class=\"wp-block-column is-layout-flow wp-block-column-is-layout-flow\" style=\"flex-basis:25%\"><\/div>\n\n\n\n<div class=\"wp-block-column has-contrast-2-color has-text-color has-link-color wp-elements-f185b9d33e099b7fb0a9747756b254e9 is-layout-flow wp-block-column-is-layout-flow\" style=\"flex-basis:80%\">\n<hr class=\"wp-block-separator has-text-color has-contrast-2-color has-alpha-channel-opacity has-contrast-2-background-color has-background is-style-wide\"\/>\n<\/div>\n<\/div>\n\n\n\n<p class=\"has-text-align-center\"><strong>Cursos<\/strong><\/p>\n\n\n\n<div class=\"wp-block-columns is-layout-flex wp-container-core-columns-is-layout-9d6595d7 wp-block-columns-is-layout-flex\">\n<div class=\"wp-block-column is-layout-flow wp-block-column-is-layout-flow\" style=\"flex-basis:100px\"><\/div>\n\n\n\n<div class=\"wp-block-column is-layout-flow wp-block-column-is-layout-flow\" style=\"flex-basis:250px\">\n<p class=\"has-text-align-right\"><\/p>\n<\/div>\n\n\n\n<div class=\"wp-block-column is-layout-flow wp-block-column-is-layout-flow\">\n<p class=\"has-text-align-left\">Taller de pintura acr\u00edlica &#8211; M. Ariel Guzm\u00e1n \/ Galer\u00eda Dos Mundos <br> Dibujo y acuarela &#8211; M. Agust\u00edn Gonz\u00e1lez \/ Agust\u00edn Galer\u00eda<\/p>\n\n\n\n<p class=\"has-text-align-left\"><\/p>\n<\/div>\n<\/div>\n\n\n\n<div class=\"wp-block-columns is-layout-flex wp-container-core-columns-is-layout-9d6595d7 wp-block-columns-is-layout-flex\">\n<div class=\"wp-block-column is-layout-flow wp-block-column-is-layout-flow\" style=\"flex-basis:25%\"><\/div>\n\n\n\n<div class=\"wp-block-column has-contrast-2-color has-text-color has-link-color wp-elements-f185b9d33e099b7fb0a9747756b254e9 is-layout-flow wp-block-column-is-layout-flow\" style=\"flex-basis:80%\">\n<hr class=\"wp-block-separator has-text-color has-contrast-2-color has-alpha-channel-opacity has-contrast-2-background-color has-background is-style-wide\"\/>\n<\/div>\n<\/div>\n\n\n\n<p class=\"has-text-align-center\"><strong>Exposiciones Individuales<\/strong><\/p>\n\n\n\n<div class=\"wp-block-columns is-layout-flex wp-container-core-columns-is-layout-9d6595d7 wp-block-columns-is-layout-flex\">\n<div class=\"wp-block-column is-layout-flow wp-block-column-is-layout-flow\" style=\"flex-basis:100px\"><\/div>\n\n\n\n<div class=\"wp-block-column is-layout-flow wp-block-column-is-layout-flow\" style=\"flex-basis:250px\">\n<p class=\"has-text-align-right\">2022<\/p>\n<\/div>\n\n\n\n<div class=\"wp-block-column is-layout-flow wp-block-column-is-layout-flow\">\n<p class=\"has-text-align-left\">La muerte y las otras realidades en el arte, exposici\u00f3n individual y charla,<br>Hotel Decu Downtown. M\u00e9rida, M\u00e9xico.<\/p>\n<\/div>\n<\/div>\n\n\n\n<div class=\"wp-block-columns is-layout-flex wp-container-core-columns-is-layout-9d6595d7 wp-block-columns-is-layout-flex\">\n<div class=\"wp-block-column is-layout-flow wp-block-column-is-layout-flow\" style=\"flex-basis:25%\"><\/div>\n\n\n\n<div class=\"wp-block-column has-contrast-2-color has-text-color has-link-color wp-elements-f185b9d33e099b7fb0a9747756b254e9 is-layout-flow wp-block-column-is-layout-flow\" style=\"flex-basis:80%\">\n<hr class=\"wp-block-separator has-text-color has-contrast-2-color has-alpha-channel-opacity has-contrast-2-background-color has-background is-style-wide\"\/>\n<\/div>\n<\/div>\n\n\n\n<p class=\"has-text-align-center\"><strong>Exposiciones colectivas<\/strong><\/p>\n\n\n\n<div class=\"wp-block-columns is-layout-flex wp-container-core-columns-is-layout-9d6595d7 wp-block-columns-is-layout-flex\">\n<div class=\"wp-block-column is-layout-flow wp-block-column-is-layout-flow\" style=\"flex-basis:100px\"><\/div>\n\n\n\n<div class=\"wp-block-column is-layout-flow wp-block-column-is-layout-flow\" style=\"flex-basis:250px\">\n<p class=\"has-text-align-right\">2024<\/p>\n<\/div>\n\n\n\n<div class=\"wp-block-column is-layout-flow wp-block-column-is-layout-flow\">\n<p class=\"has-text-align-left\">Summer Exhibition 2024, Lux Perpetua. M\u00e9rida, M\u00e9xico.<\/p>\n<\/div>\n<\/div>\n\n\n\n<div class=\"wp-block-columns is-layout-flex wp-container-core-columns-is-layout-9d6595d7 wp-block-columns-is-layout-flex\">\n<div class=\"wp-block-column is-layout-flow wp-block-column-is-layout-flow\" style=\"flex-basis:100px\"><\/div>\n\n\n\n<div class=\"wp-block-column is-layout-flow wp-block-column-is-layout-flow\" style=\"flex-basis:250px\">\n<p class=\"has-text-align-right\">2023<\/p>\n<\/div>\n\n\n\n<div class=\"wp-block-column is-layout-flow wp-block-column-is-layout-flow\">\n<p class=\"has-text-align-left\">Colores para la Paz, Alianza Francesa. M\u00e9rida, M\u00e9xico.<br>8 abstracciones en 2 Mundos, Galer\u00eda Dos Mundos. M\u00e9rida, M\u00e9xico.<br>\u200bInternational Contemporary Art Fair, Espace Fontvieille. Principado de M\u00f3naco.<br>Illusion, Van Gogh Art Gallery. Madrid, Espa\u00f1a. <br>\u200b                                                                            Yucat\u00e1n celebra a Francia, Alianza Francesa. M\u00e9rida, M\u00e9xico.<br>\u200b                                                                                                                   Spring Revival, Trotter\u00b4s Art Gallery. M\u00e9rida, M\u00e9xico. <br>\u200b                                                                            Resurrection Art &#8211; Vinyl Vol. II, Galer\u00eda Dos Mundos. M\u00e9rida, M\u00e9xico.<\/p>\n<\/div>\n<\/div>\n\n\n\n<div class=\"wp-block-columns is-layout-flex wp-container-core-columns-is-layout-9d6595d7 wp-block-columns-is-layout-flex\">\n<div class=\"wp-block-column is-layout-flow wp-block-column-is-layout-flow\" style=\"flex-basis:100px\"><\/div>\n\n\n\n<div class=\"wp-block-column is-layout-flow wp-block-column-is-layout-flow\" style=\"flex-basis:250px\">\n<p class=\"has-text-align-right\">2022<\/p>\n<\/div>\n\n\n\n<div class=\"wp-block-column is-layout-flow wp-block-column-is-layout-flow\">\n<p class=\"has-text-align-left\">Migrar, todas las miradas, Museo de la Ciudad. M\u00e9rida, M\u00e9xico. <br>\u200b                                                                                          I see my sea, Trotter\u00b4s Art Gallery. M\u00e9rida, M\u00e9xico. <br>\u200b                                                                                                                                                                                                                                                                        50 x 50 x 50, Galer\u00eda Dos Mundos. M\u00e9rida, M\u00e9xico.<\/p>\n<\/div>\n<\/div>\n\n\n\n<div class=\"wp-block-columns is-layout-flex wp-container-core-columns-is-layout-9d6595d7 wp-block-columns-is-layout-flex\">\n<div class=\"wp-block-column is-layout-flow wp-block-column-is-layout-flow\" style=\"flex-basis:25%\"><\/div>\n\n\n\n<div class=\"wp-block-column has-contrast-2-color has-text-color has-link-color wp-elements-f185b9d33e099b7fb0a9747756b254e9 is-layout-flow wp-block-column-is-layout-flow\" style=\"flex-basis:80%\">\n<hr class=\"wp-block-separator has-text-color has-contrast-2-color has-alpha-channel-opacity has-contrast-2-background-color has-background is-style-wide\"\/>\n<\/div>\n<\/div>\n\n\n\n<p class=\"has-text-align-center\"><strong>Concursos<\/strong><\/p>\n\n\n\n<div class=\"wp-block-columns is-layout-flex wp-container-core-columns-is-layout-9d6595d7 wp-block-columns-is-layout-flex\">\n<div class=\"wp-block-column is-layout-flow wp-block-column-is-layout-flow\" style=\"flex-basis:100px\"><\/div>\n\n\n\n<div class=\"wp-block-column is-layout-flow wp-block-column-is-layout-flow\" style=\"flex-basis:250px\">\n<p class=\"has-text-align-right\">2021<\/p>\n<\/div>\n\n\n\n<div class=\"wp-block-column is-layout-flow wp-block-column-is-layout-flow\">\n<p class=\"has-text-align-left\">Finalista Concurso de Arte Camaradas Mex-UK \/ Embajada de M\u00e9xico en Reino Unido<\/p>\n<\/div>\n<\/div>\n\n\n\n<div class=\"wp-block-columns is-layout-flex wp-container-core-columns-is-layout-9d6595d7 wp-block-columns-is-layout-flex\">\n<div class=\"wp-block-column is-layout-flow wp-block-column-is-layout-flow\" style=\"flex-basis:25%\"><\/div>\n<\/div>\n\n\n\n<p><\/p>\n\n\n\n<p><\/p>\n<\/div>\n<\/div>\n\n\n\n<p><\/p>\n","protected":false},"excerpt":{"rendered":"<p>Carolina Ayala Aguilar&nbsp; Naci\u00f3 en la Ciudad de M\u00e9xico en 1986. Carolina es una artista y dise\u00f1adora mexicana que vive en Yucat\u00e1n, M\u00e9xico. Estudi\u00f3 la licenciatura en Arquitectura y el m\u00e1ster en Dise\u00f1o e innovaci\u00f3n de productos en el Instituto Tecnol\u00f3gico y de Estudios Superiores de Monterrey, M\u00e9xico. Adem\u00e1s, obtuvo la maestr\u00eda en ciencias en &#8230; <a title=\"Biograf\u00eda\" class=\"read-more\" href=\"https:\/\/caroayala.com\/wpcaro\/es\/biografia\/\" aria-label=\"Leer m\u00e1s sobre Biograf\u00eda\">Leer m\u00e1s<\/a><\/p>\n","protected":false},"author":1,"featured_media":0,"parent":0,"menu_order":0,"comment_status":"closed","ping_status":"closed","template":"","meta":{"qubely_global_settings":"","qubely_interactions":"","footnotes":""},"class_list":["post-301","page","type-page","status-publish"],"_links":{"self":[{"href":"https:\/\/caroayala.com\/wpcaro\/wp-json\/wp\/v2\/pages\/301","targetHints":{"allow":["GET"]}}],"collection":[{"href":"https:\/\/caroayala.com\/wpcaro\/wp-json\/wp\/v2\/pages"}],"about":[{"href":"https:\/\/caroayala.com\/wpcaro\/wp-json\/wp\/v2\/types\/page"}],"author":[{"embeddable":true,"href":"https:\/\/caroayala.com\/wpcaro\/wp-json\/wp\/v2\/users\/1"}],"replies":[{"embeddable":true,"href":"https:\/\/caroayala.com\/wpcaro\/wp-json\/wp\/v2\/comments?post=301"}],"version-history":[{"count":31,"href":"https:\/\/caroayala.com\/wpcaro\/wp-json\/wp\/v2\/pages\/301\/revisions"}],"predecessor-version":[{"id":652,"href":"https:\/\/caroayala.com\/wpcaro\/wp-json\/wp\/v2\/pages\/301\/revisions\/652"}],"wp:attachment":[{"href":"https:\/\/caroayala.com\/wpcaro\/wp-json\/wp\/v2\/media?parent=301"}],"curies":[{"name":"wp","href":"https:\/\/api.w.org\/{rel}","templated":true}]}}